 the prime factors of 9125199?
3, 37, 67, 409
What are the prime factors of 5828588?
2, 1457147
List the prime factors of 1112629.
7, 53, 2999
What are the prime factors of 4793095?
5, 89, 10771
List the prime factors of 488737.
19, 29, 887
What are the prime factors of 1270666?
2, 635333
List the prime factors of 6357871.
13, 233, 2099
List the prime factors of 109728.
2, 3, 127
What are the prime factors of 60308?
2, 15077
What are the prime factors of 1195939?
107, 11177
List the prime factors of 1676687.
1676687
What are the prime factors of 1148907?
3, 59, 6491
List the prime factors of 103536.
2, 3, 719
List the prime factors of 2996675.
5, 11, 17, 641
List the prime factors of 186381.
3, 13, 59
List the prime factors of 35732938.
2, 23, 617, 1259
List the prime factors of 358220.
2, 5, 17911
What are the prime factors of 4410242?
2, 17, 19, 6827
What are the prime factors of 1207481?
11, 31, 3541
List the prime factors of 9764516.
2, 2441129
What are the prime factors of 37900184?
2, 7, 59, 11471
List the prime factors of 3796858.
2, 13, 146033
What are the prime factors of 305966?
2, 17, 8999
List the prime factors of 686179.
13, 52783
List the prime factors of 3605321.
829, 4349
What are the prime factors of 416407?
416407
List the prime factors of 154413.
3, 7, 19, 43
List the prime factors of 297859.
29, 10271
List the prime factors of 233803.
37, 71, 89
List the prime factors of 8480957.
2309, 3673
List the prime factors of 240690.
2, 3, 5, 71, 113
List the prime factors of 1296010.
2, 5, 29, 41, 109
List the prime factors of 2204982.
2, 3, 13, 349
What are the prime factors of 940952?
2, 117619
What are the prime factors of 318311?
7, 37, 1229
List the prime factors of 357134.
2, 178567
What are the prime factors of 11328323?
647, 17509
List the prime factors of 609336.
2, 3, 7, 13, 31
List the prime factors of 30475286.
2, 15237643
List the prime factors of 400652.
2, 7, 41, 349
List the prime factors of 24923097.
3, 821, 3373
List the prime factors of 41448.
2, 3, 11, 157
What are the prime factors of 300618?
2, 3, 19, 293
What are the prime factors of 1304681?
7, 29, 6427
List the prime factors of 2265505.
5, 11, 17, 2423
What are the prime factors of 1057866?
2, 3, 157, 1123
List the prime factors of 9928350.
2, 3, 5, 22063
List the prime factors of 3771989.
13, 257, 1129
What are the prime factors of 585394?
2, 29, 10093
What are the prime factors of 1830892?
2, 7, 23, 2843
What are the prime factors of 1021518?
2, 3, 18917
What are the prime factors of 32431747?
32431747
What are the prime factors of 75276?
2, 3, 17, 41
What are the prime factors of 19207?
19207
List the prime factors of 20434953.
3, 7, 11, 88463
What are the prime factors of 463137?
3, 317, 487
What are the prime factors of 347214?
2, 3, 7, 1181
What are the prime factors of 17009286?
2, 3, 7, 404983
What are the prime factors of 676692?
2, 3, 18797
List the prime factors of 20364919.
2347, 8677
List the prime factors of 752356.
2, 11, 17099
List the prime factors of 1015872.
2, 3, 11, 13, 37
What are the prime factors of 1701347?
263, 6469
What are the prime factors of 1781189?
23, 43, 1801
List the prime factors of 735511.
7, 179, 587
List the prime factors of 1886572.
2, 109, 4327
List the prime factors of 7211975.
5, 53, 5443
List the prime factors of 189132.
2, 3, 15761
List the prime factors of 156674.
2, 7, 19, 31
What are the prime factors of 748765?
5, 17, 23, 383
What are the prime factors of 9492662?
2, 907, 5233
List the prime factors of 193725.
3, 5, 7, 41
What are the prime factors of 2180?
2, 5, 109
List the prime factors of 194239.
194239
List the prime factors of 10176151.
1187, 8573
What are the prime factors of 1998053?
41, 48733
What are the prime factors of 18251677?
881, 20717
List the prime factors of 4941254.
2, 17, 19, 7649
What are the prime factors of 5160041?
5160041
List the prime factors of 302589.
3, 7, 1601
List the prime factors of 4521854.
2, 29, 53, 1471
List the prime factors of 2630133.
3, 11, 31, 857
List the prime factors of 17366688.
2, 3, 47, 1283
List the prime factors of 783679.
13, 23, 2621
List the prime factors of 1783895.
5, 17, 31, 677
List the prime factors of 189492.
2, 3, 15791
List the prime factors of 720667.
761, 947
What are the prime factors of 482694?
2, 3, 80449
What are the prime factors of 116289?
3, 59, 73
List the prime factors of 5225539.
11, 29, 16381
List the prime factors of 491250.
2, 3, 5, 131
List the prime factors of 1675798.
2, 31, 151, 179
List the prime factors of 987133.
7, 31, 4549
What are the prime factors of 7073954?
2, 3536977
What are the prime factors of 212734?
2, 106367
List the prime factors of 13085181.
3, 1453909
List the prime factors of 103112.
2, 12889
What are the prime factors of 1263999?
3, 11, 38303
What are the prime factors of 8511580?
2, 5, 7, 11, 5527
List the prime factors of 10253472.
2, 3, 29, 127
What are the prime factors of 84677?
17, 293
List the prime factors of 14584319.
3109, 4691
What are the prime factors of 11456766?
2, 3, 73, 8719
List the prime factors of 1027719.
3, 7, 11, 1483
What are the prime factors of 2471078?
2, 1235539
List the prime factors of 10116750.
2, 3, 5, 7, 41, 47
What are the prime factors of 27297?
3, 337
What are the prime factors of 291196?
2, 43, 1693
List the prime factors of 8252674.
2, 4126337
What are the prime factors of 456827?
7, 9323
List the prime factors of 20561622.
2, 3, 3426937
What are the prime factors of 397663?
7, 56809
What are the prime factors of 3261516?
2, 3, 191, 1423
List the prime factors of 19837116.
2, 3, 13, 71, 199
List the prime factors of 788680.
2, 5, 19717
List the prime factors of 444065.
5, 88813
List the prime factors of 317775.
3, 5, 19, 223
List the prime factors of 261232.
2, 29, 563
What are the prime factors of 1007336?
2, 11, 11447
What are the prime factors of 525978?
2, 3, 29221
What are the prime factors of 137390?
2, 5, 11, 1249
List the prime factors of 352632.
2, 3, 7, 2099
What are the prime factors of 2187636?
2, 3, 11, 16573
What are the prime factors of 195172?
2, 59, 827
What are the prime factors of 581554?
2, 313, 929
What are the prime factors of 142945?
5, 11, 23, 113
List the prime factors of 283517.
13, 113, 193
List the prime factors of 33393.
3, 11131
List the prime factors of 3300649.
11, 61, 4919
What are the prime factors of 1949887?
1949887
List the prime factors of 368292.
2, 3, 47, 653
List the prime factors of 814121.
7, 11, 97, 109
What are the prime factors of 4741828?
2, 7, 13, 1861
List the prime factors of 363628.
2, 90907
What are the prime factors of 1517211?
3, 18731
What are the prime factors of 221611?
13, 17047
What are the prime factors of 304943?
304943
What are the prime factors of 17790484?
2, 79, 56299
What are the prime factors of 32134548?
2, 3, 19, 97, 1453
What are the prime factors of 475036?
2, 103, 1153
What are the prime factors of 15672794?
2, 31, 449, 563
List the prime factors of 524234.
2, 61, 4297
What are the prime factors of 777632?
2, 19, 1279
What are the prime factors of 131454?
2, 3, 67, 109
What are the prime factors of 207769?
207769
List the prime factors of 643325.
5, 25733
List the prime factors of 135079.
7, 23, 839
List the prime factors of 5065545.
3, 5, 199, 1697
What are the prime factors of 2085072?
2, 3, 11, 359
List the prime factors of 22235492.
2, 419, 13267
List the prime factors of 681393.
3, 227131
List the prime factors of 440427.
3, 13, 23, 491
List the prime factors of 204333.
3, 68111
List the prime factors of 8773675.
5, 350947
What are the prime factors of 5323178?
2, 7, 79, 4813
What are the prime factors of 16707004?
2, 19, 219829
List the prime factors of 38183995.
5, 139, 54941
List the prime factors of 475381.
475381
What are the prime factors of 459914?
2, 7, 13, 19
What are the prime factors of 119159?
119159
List the prime factors of 6814683.
3, 43, 17609
List the prime factors of 6569591.
7, 59, 15907
What are the prime factors of 526147?
29, 18143
What are the prime factors of 346199?
7, 19, 137
List the prime factors of 816214.
2, 7, 173, 337
List the prime factors of 740084.
2, 185021
List the prime factors of 1050762.
2, 3, 73, 2399
What are the prime factors of 8695886?
2, 23, 1890